= 2*m - 2*o, -2*m - o = -0*m - 289. Does 16 divide m?
True
Let h = 44 + -26. Let z be 3/(-2)*(-196)/21. Let n = z + h. Is 22 a factor of n?
False
Let r(j) = j + 2. Let p be r(5). Let f(u) = 7*u. Let x be f(p). Let l = x + -35. Is l a multiple of 7?
True
Let s(n) = -n**3 + 7*n**2 - 5*n + 5. Suppose 0 = -2*x + 2*y + 10, -2*x = -3*x - 2*y + 8. Is 9 a factor of s(x)?
False
Suppose 4*o - 70 = -o. Let v be 1/(-2*2/40). Let c = o - v. Is c a multiple of 11?
False
Let w = 1 - 1. Suppose 5*u - 60 = -w*u. Let h = 26 - u. Is h a multiple of 14?
True
Let k = 309 - 189. Is 60 a factor of k?
True
Let k(y) = -y**3 + 6*y**2 + 6*y - 10. Is 15 a factor of k(5)?
True
Let m(k) = -k - 1. Let o(c) = c + 9. Let v(r) = 5*m(r) + o(r). Does 8 divide v(-5)?
True
Suppose -89 = -5*i - s, 2*s - 5*s = -2*i + 39. Is i a multiple of 9?
True
Let c(u) = u**3 - 25*u**2 + 24*u + 20. Is c(24) a multiple of 2?
True
Let v be 2/5*(-20)/(-8). Let b be 37 - (-4)/(-2 - -4). Suppose -4*f - v = -5, -5*j + b = 4*f. Is 3 a factor of j?
False
Let n = -216 - -343. Does 13 divide n?
False
Suppose 3*x + 0*x = 12. Let n = 9 - x. Suppose 5*k + 2*j + 2*j = 93, -2*k + 27 = n*j. Is 11 a factor of k?
False
Let p(k) = -k**3 - 2*k**2 + 2*k - 2. Let h be p(-4). Suppose 0 = 4*r + 4*f - 39 - 49, -r = 5*f - h. Is r a multiple of 8?
False
Suppose -5*a - 15 = -3*f - 6, -15 = -5*f - 4*a. Suppose 0 = -f*d - 3*r + 84, 3*d - r - 21 - 71 = 0. Is 28 a factor of d?
False
Let k = 127 - -41. Is 24 a factor of k?
True
Let m = 20 - 5. Is m a multiple of 7?
False
Suppose -3*p = -8*p. Suppose -5*f + 3*w + 263 = p, -f - w = 2*f - 155. Does 20 divide f?
False
Let o be 34/9 - (-2)/9. Let f(q) = -q**3 + q**2 - q + 3. Let u be f(0). Suppose -b + u = -o. Does 4 divide b?
False
Suppose -2*m = -3*r + 68, -2*m = 2*r - 44 - 8. Does 8 divide r?
True
Suppose -b + 5*u - 10 = 0, -3*b + 19 = 2*b - 2*u. Is b even?
False
Suppose 3 = 2*a - 9. Suppose -28 = -2*h + a*h. Is 2 a factor of 2/4 - h/2?
True
Does 5 divide 28/2 + (2 + -1 - -1)?
False
Let t(b) = b**2 - 2*b - 2. Does 11 divide t(7)?
True
Suppose 0 = i + 2*l - 7, 2 + 0 = 5*i - l. Let x(b) = 3*b**3 - b**2 + b - 1. Let p be x(i). Suppose 3*d - 10 = p*d. Does 4 divide d?
False
Let j(k) = -3 - k - 1 + k**3 + 8*k**2 + 2 - 1. Let h be (3/(-2))/(3/16). Is j(h) a multiple of 3?
False
Suppose 7*p = -3*p + 960. Is p a multiple of 32?
True
Let z = 11 + -15. Let o(r) = -r**2 + 3*r + 4*r**3 + 0*r**2 - 5*r**3 + 4. Is o(z) a multiple of 15?
False
Does 9 divide (25 - 23)*(-2)/(8/(-54))?
True
Suppose 0 = -4*q - 0 + 24. Is 7 a factor of -1*q*(-16)/12?
False
Let k = 248 - 138. Does 22 divide k?
True
Is 6 a factor of 7 - ((-1 - -5) + -3)?
True
Suppose -1 = 3*x + 5. Let y = x + -1. Let c(t) = -6*t - 2. Does 6 divide c(y)?
False
Let x = 5 + -3. Suppose 2*s - 33 = 6*s + 5*n, -x*s + 4*n = -16. Is 9 a factor of 258/8 - s/(-8)?
False
Suppose 0 = z + 4, -2*r + 202 = -4*z. Is 29 a factor of r?
False
Suppose -28 = -4*m - 4*k, 5*k - 3*k - 22 = -4*m. Suppose 68 = m*o - 72. Is o a multiple of 20?
False
Does 8 divide (-32)/10*1*95/(-2)?
True
Let j = -5 - -9. Suppose -j*q + 4 + 8 = 0. Suppose -q*s + 0*s + 4*u + 1 = 0, 0 = -3*s - 5*u + 46. Is s a multiple of 2?
False
Is 1 + (-5 - (-223 - 5)) a multiple of 14?
True
Suppose -4*t - 64 = -2*n, 2*n = -0*n + 2*t + 68. Does 9 divide n?
True
Suppose -2*r = 5*j - 25, 0 = -5*r - 0*j + j + 76. Let s be (-1)/(-4) - (-455)/52. Is s/r - (-454)/10 a multiple of 19?
False
Let g(k) = -2*k**2 - 41*k + 13. Does 26 divide g(-13)?
True
Let d = -75 + 36. Let x = d - -57. Is 6 a factor of x?
True
Suppose 4*r - 76 = -5*f + 44, f = r + 24. Does 6 divide f?
True
Let l = -1 - 2. Let s be 2/l*-3*6. Suppose s = 5*h - 43. Is h a multiple of 11?
True
Let g(r) = -7*r + 2. Is g(-4) a multiple of 7?
False
Let i = -8 - -10. Suppose -15 = -3*j, -235 = -i*p - p - 5*j. Let n = p - 49. Is 12 a factor of n?
False
Let q = -9 - -13. Suppose q*k - w = 273, 4*k + 4*w - 219 = k. Does 11 divide k?
False
Suppose 98 = 3*x + 4*g, -88 = -2*x + 2*g + g. Does 18 divide x?
False
Suppose -5*n + 0*x + 202 = -x, -135 = -3*n - 4*x. Is 7 a factor of n?
False
Let i(g) = g + 2. Let p be i(-4). Is 46/(-4)*-2 + p a multiple of 11?
False
Suppose -4*a + 2*a - 4 = 2*x, -4*x = -5*a - 28. Suppose -x*k = 2*k - 72. Is k a multiple of 10?
False
Let a(p) = p**3 + 4*p**2 - 2*p - 4. Let m be a(-4). Suppose -k = m*o - 2*o - 10, -20 = -4*k - 3*o. Does 2 divide k?
True
Let i be (-9)/(-4) + 5/(-20). Let d be (5 - 1)*i/(-2). Let f(l) = -l**3 - 3*l**2 - 2*l - 1. Is 9 a factor of f(d)?
False
Let y(r) = 2*r + 8. Let a(l) = -4*l - 15. Let u(c) = 3*a(c) + 5*y(c). Does 3 divide u(-4)?
True
Suppose -44 - 36 = -4*g. Suppose g = m + 3. Is 7 a factor of m?
False
Let t(n) = -n**3 - 3*n**2 + 6*n + 5. Let g be t(-5). Let y = g + -10. Does 9 divide y?
False
Let z = -13 - -6. Let h be 8/(-28) - 9/z. Suppose c - 32 = h. Is c a multiple of 22?
False
Let k(i) = -i**3 + 3*i**2 + 4*i + 4. Let v be k(4). Suppose -3*r = r + 12, -4*m + 32 = -v*r. Suppose -44 = -m*l + 111. Is 18 a factor of l?
False
Let l be (-2 + -1)/(-6)*0. Suppose l*z + 4*z = 8. Does 16 divide (-1)/z - 118/(-4)?
False
Let o = -122 + 168. Does 23 divide o?
True
Suppose 5*v - 32 = 28. Let a = v - 0. Is a a multiple of 3?
True
Let u = 62 - -2. Is 32 a factor of u?
True
Let j(t) = t**2 - t - 18. Is 9 a factor of j(10)?
True
Let k(z) be the third derivative of -z**2 - 1/6*z**3 + 0*z + 0 + 1/12*z**5 - 1/6*z**4. Is 21 a factor of k(-3)?
False
Suppose 36*r - 34*r - 88 = 0. Does 11 divide r?
True
Let x(j) = j**3 - j**2 + j + 2. Let u be x(0). Suppose 0 = 5*s - 592 + 147. Suppose 0 = u*m - s + 11. Does 13 divide m?
True
Suppose 22 = -5*z + 77. Let h = -8 + z. Is h even?
False
Let b = 133 - 33. Does 25 divide b?
True
Suppose -4*z + 2*z - 2 = 3*q, 5*z + 2*q - 6 = 0. Let b(w) = 3*w - 1. Let u be b(z). Does 5 divide u + -3 - (-18)/2?
False
Let b(c) = -12*c - 5*c**2 + 10 + 4*c**2 + c. Let u be b(-12). Let v(x) = -6*x - 2. Is 5 a factor of v(u)?
True
Suppose 132 = 3*u + 3*o, 0 = 3*u + o - 5*o - 167. Is u a multiple of 12?
False
Suppose -s + 7 + 22 = -b, -3*b = -4*s + 112. Is 2 a factor of s?
False
Suppose 2 + 2 = 2*o. Suppose o*n + 0 + 10 = 0, 3*q - 4*n - 158 = 0. Is q a multiple of 9?
False
Suppose -2*s = 2*s. Suppose s = 3*a - 4*a + 4. Suppose -a*c = -0*c, o = 4*c + 17. Does 8 divide o?
False
Suppose 5*o - 5 = -2*v + 3, 3*v = -2*o + 12. Suppose 2*j + 6 - 18 = o. Let q = 9 + j. Is q a multiple of 14?
False
Suppose -s + 134 = -2*z + 7*z, -2*z + 72 = 5*s. Is 13 a factor of z?
True
Suppose 2*r + 3*r - 25 = 0. Suppose 4*w - 6 = -d, -6*d + r*w = -3*d - 18. Does 22 divide d + -3 - (-62 - 1)?
True
Let d(w) = w**2 - 5*w - 1. Is 23 a factor of d(8)?
True
Let y be ((-26)/2)/((-3)/6). Suppose n + n = y. Is n a multiple of 13?
True
Let f = 115 - 13. Does 34 divide f?
True
Let d(v) = v. Let o(p) = -p**2 + p + 7. Let r(l) = 6*d(l) + o(l). Does 13 divide r(6)?
True
Let r(j) = 1 - 7*j - j**2 - j**3 - 5*j + 10*j + 7*j**2. Let g(z) = z + 2. Let o be g(3). Does 8 divide r(o)?
True
Let w = 920 + -469. Let s = w - 246. Suppose -4*g = g - s. Does 16 divide g?
False
Suppose 0 = o - 44 + 14. Does 3 divide ((-12)/5)/((-9)/o)?
False
Let b = 157 - 105. Suppose 2*s + 15 = -v + b, -143 = -4*v - 3*s. Is v a multiple of 14?
False
Let m = 14 - 6. Let b = 28 + m. Does 18 divide b?
True
Let o be -5*((-1 - -1) + -1). Suppose 1 = o*m - j, -3*j - 3 = -5*m - 0. Suppose m = u + 4*u - 85. Does 15 divide u?
False
Suppose -2*a = -2*v + 10, -v = 5*a - 5*v + 23. Let o be -4*-2*a/(-12). Suppose o = j, p + 2*p + 2*j - 49 = 0. Is 15 a factor of p?
True
Let w = 50 - 30. Suppose -w = -b + 4*l, 3*b - b - 32 = 4*l. Is 3 a factor of b?
True
Let t(o) = -o**2 + 4*o + 4. Let f be t(4). Suppose f*i - 147 = 33. Is 15 a factor of i?
True
Suppose -r + w = 0, -5*w - 1 = -4*r - 2. Let s = 1 + r. Is s a multiple of 2?
True
Let l(h) be the second derivative of h**5/20 - h**4/12 + 2*h**3/3 - 2*h**2 + h. Let s be l(3). Let a = 42 - s. Is a a multiple of 12?
False
Suppose 4*m - 136 = d, -2*d = 3*m + 2*d - 83. Suppose m - 12 = 3*s. Does 2 divide s?
False
Let l be (2/6)/((-3)/(-18)). Let q(s) = 2*s**2 - 4*s + 3. Let z be q(l). Suppose 5*r - 115 = -z*p, -3*r - 3*p - 2*p = -69. Is 9 a factor of r?
False
Suppose -s = -2*s + 5. Let q(y) = 5*y + 7*y + 5 - s*y. Is 13 a factor of q